 first derivative of p**2/2 - 5*p - 2. Suppose z + 2*x = -4, x = -z + 6*x + 31. Let t be l(z). Calculate the highest common divisor of t and 7.
1
Suppose 0 = -3*t - 4*i + 29, -4*t + 0*i = -5*i + 13. Let u be 3/6*3*18. What is the greatest common factor of u and t?
3
Let w be (-19)/3 + (-1)/(-3). Let s be w/9*(-33)/2. Let b = s - 8. Calculate the highest common factor of 3 and b.
3
Let y(a) = a**3 - 3*a**2 - a + 8. Let v be y(3). Calculate the highest common divisor of 5 and v.
5
Let x(y) = -y**2 - 8*y - 3. Let h be x(-7). Let l(s) = 7*s**2 - 4*s + 4. Let z be l(h). Calculate the greatest common factor of z and 40.
20
Suppose 61 = n - w - 13, -3*n + 4*w + 219 = 0. Calculate the greatest common factor of 22 and n.
11
Let g(x) = 5 - 5 - 2*x - 3. Let l be g(-9). Calculate the greatest common divisor of 60 and l.
15
Let m(n) be the second derivative of n**4/12 + 99*n**2/2 + 3*n. Let k be m(0). Calculate the highest common divisor of k and 9.
9
Suppose 3 = -3*v + 6*v. Let o be (0 + 13 + -1)/v. Let z = -11 + 15. Calculate the highest common divisor of o and z.
4
Let y(r) = 17*r**3 - r**2 - r - 1. Let b be y(-1). Let q = b - -32. Calculate the greatest common factor of 126 and q.
14
Suppose 0 = -2*x - 2*x + 16. Suppose -4*t + 8 + x = 0. Calculate the highest common factor of 9 and t.
3
Suppose 3*d + 28 = 2*n, -5*n - 2*d + 120 = 3*d. Let p = -7 - -37. What is the greatest common factor of n and p?
10
Suppose 3 + 11 = -m. Let x = -10 - m. Suppose -8 - 20 = -x*v. Calculate the greatest common factor of v and 35.
7
Suppose 0 = -0*p + 3*p + 36. Let r be (-36)/p - (-52 + 1). Let s be (-1 - -17) + (1 - -1). Calculate the highest common factor of r and s.
18
Let i = 45 - 29. Calculate the greatest common divisor of 16 and i.
16
Suppose 6*r - 8*r = -56. Calculate the highest common factor of 70 and r.
14
Let t be (-11575)/(-50) - (4/2)/(-4). What is the highest common divisor of 29 and t?
29
Let b = -56 - 18. Let y = 104 + b. Calculate the greatest common divisor of 10 and y.
10
Let s(n) = n**2 - n. Let v be (-2)/(-4) - 14/(-4). Let k be s(v). Let q be 2116/22 + 10/(-55). What is the greatest common divisor of k and q?
12
Let u be 2/13 + 6752/52. What is the greatest common factor of 52 and u?
26
Suppose -i + 3*w = 4*i - 38, 3*w = 4*i - 31. Suppose -4*k = 6*c - c - 405, -4*c = -5*k - 283. What is the highest common divisor of c and i?
7
Let m be 1/(-1)*56/(-7). What is the highest common divisor of m and 8?
8
Let o be (-4)/3*(-66 + 9). Suppose 2*v + 5*g + 20 = 0, 2*v + 0*v - 12 = 3*g. Suppose u - o = -v*u. Calculate the highest common divisor of u and 19.
19
Let j(f) = 8*f - 1. Let m be j(1). What is the highest common factor of 1 and m?
1
Let g = 28 - 23. Suppose 0*y + 3*y - 72 = 3*t, 0 = -y - g*t + 24. Calculate the highest common divisor of 72 and y.
24
Let q = -57 - -83. Calculate the greatest common divisor of 39 and q.
13
Suppose -5*f - 5*w = -130, 55 = 2*f - 0*w + 5*w. Suppose f + 3 = 4*p. What is the greatest common factor of p and 7?
7
Let a = 462 - 315. Calculate the highest common factor of a and 98.
49
Let g = 3 + -3. Suppose -2*b + 0*b + 26 = g. Let p(y) = y**3 + y + 91. Let r be p(0). What is the highest common factor of r and b?
13
Let t be (0 - -3)/((-3)/4). Let z = t - -4. Suppose o - 5*x - 25 = z, 2*x = -5*o - x + 69. What is the highest common divisor of o and 3?
3
Let p(x) = -x - 95. Let m(t) = -3*t - 284. Let f(z) = -4*m(z) + 11*p(z). Let y be f(0). Calculate the highest common divisor of y and 13.
13
Let i(h) = -118*h. Let x be i(6). Let f be (-2)/8 - x/16. What is the highest common factor of 11 and f?
11
Suppose -g + 3 + 3 = 0. Let d = -97 - -139. What is the highest common factor of d and g?
6
Let w = -1 - -3. Let f(j) = -6*j - 7. Let b be f(-8). Suppose 71 = 5*d - g, 0 = -w*d - d + g + b. Calculate the highest common divisor of 6 and d.
3
Let m(n) = 2*n + n**2 + n + n - 1. Let c be m(-5). Suppose -2*y + 304 - 114 = -c*b, -b = 3*y - 250. What is the highest common factor of y and 34?
17
Let n = -52 + 60. Calculate the highest common factor of n and 72.
8
Suppose 5*w - 36 = 3*g, -w + 3*g - 1 = -13. Calculate the highest common divisor of 12 and w.
6
Let w(y) = y + 3. Let b be w(6). Let p(h) = -h**3 - 13*h**2 + 13*h - 5. Let c be p(-14). Calculate the highest common divisor of b and c.
9
Let a = 4 + 5. Calculate the greatest common factor of a and 36.
9
Let l(j) = -j + 1. Let r be l(3). Let h be r/3 - (-951)/9. Let d(p) = p**3 - 9*p**2 - 10*p + 15. Let w be d(10). What is the greatest common divisor of w and h?
15
Let g(m) = m. Let v be g(2). Suppose v*n + 3*q - 6*q = 19, 4*q + 12 = n. Let i = -77 - -133. What is the greatest common divisor of i and n?
8
Let b(x) = 2*x**2 + 10*x - 6. Let n be b(-6). What is the greatest common divisor of 15 and n?
3
Let h = -35 + 112. What is the highest common divisor of 7 and h?
7
Suppose -53 = -3*p - 5*g, -5*p + 81 = -g + 2*g. Let w = p + -5. Calculate the highest common factor of 121 and w.
11
Let q be 1*(22 - -3) - 2/1. What is the highest common factor of 115 and q?
23
Suppose 2*v - 459 = -3*v - 2*i, 3*i = v - 85. What is the highest common factor of v and 26?
13
Let u = 42 - 40. What is the highest common factor of u and 6?
2
Let o(b) = 3*b - 16. Let f be o(6). What is the highest common factor of f and 6?
2
Suppose x = 4 - 1. Let y(r) = 0 + 2 - 1 + r. Let l be y(x). What is the highest common divisor of l and 2?
2
Let w be 5*(-14)/4*-6. Suppose -3*p = -w - 111. Calculate the greatest common factor of p and 8.
8
Let q = 9 + 0. Let u = q + -1. What is the highest common factor of u and 64?
8
Let f be (10/6)/((-19)/(-5643)). Let t = f + -286. Suppose 5*j - y - 100 = 0, 1 = 3*j + 4*y - 36. What is the highest common factor of t and j?
19
Let d be (-113)/6 - 4/24. Let y = 29 + d. What is the greatest common factor of y and 5?
5
Suppose 60 = 8*c - 3*c. Suppose 5*i - 47 = t - c, 4*i - t - 27 = 0. Calculate the highest common factor of 56 and i.
8
Suppose 5*o - 21 = -2*c, c - 2*o + 0*o = -3. Suppose n = -c*n + 8. Suppose 0*g - 18 = -3*g. Calculate the highest common divisor of g and n.
2
Let c be -150*((-3)/6 - 0). What is the highest common factor of c and 30?
15
Let f(l) = -5*l. Let m be f(-2). Suppose 0 = -2*b + 6, -3*r + 0*b = 2*b - 18. Suppose r*v + 14 = 174. What is the greatest common factor of m and v?
10
Let y = 12 - 19. Let k = y + -3. Let g be (-4)/k - 152/(-20). What is the highest common factor of g and 4?
4
Suppose -m = -c + 1, 2*m = 4*c - 3*m - 3. Let y = -20 - c. Let t be (0 + 1/(-2))*y. What is the greatest common factor of t and 88?
11
Let n(t) = t - 13. Let u be n(9). Let o be (-51)/u + (-1)/(-4). Suppose -5*r + 14 = -3*w, r = 3*r + 5*w + o. What is the highest common divisor of 3 and r?
1
Let r be (-16)/(-6)*((-69)/(-6) - 4). What is the highest common factor of r and 40?
20
Let j(y) = -y + 5. Let f be j(9). Let z(g) = g**3 + 3*g**2 - 7*g - 5. Let u be z(f). Calculate the highest common divisor of u and 49.
7
Let x be (60/(-16))/((-2)/24). Suppose 2*m - 5*m + 15 = 0, -3*m - 18 = 3*u. Let s be 4/8*-4 - u. What is the greatest common factor of x and s?
9
Suppose 0*q = -q + 28. Suppose -4*m = -4*u - q, 4*u = -0*m + 5*m - 30. What is the highest common divisor of m and 18?
2
Let b(f) = -8 - 4 - f**2 + 7*f + 7. Let p = -8 - -12. Let x be b(p). What is the highest common factor of 56 and x?
7
Let h(f) = -f. Let x be 2 - (-1 + 3/3). Let g be h(x). Let q be (g/4)/((-5)/110). Calculate the highest common factor of 11 and q.
11
Let h = 1 + 1. Suppose 55 = h*d - 13. Calculate the greatest common divisor of 17 and d.
17
Let f(h) = -5*h + 2. Let o be f(-4). Calculate the highest common factor of 11 and o.
11
Let u be 1/((-178)/90 - -2). Let p be 2/5 - (-276)/60. What is the greatest common divisor of p and u?
5
Suppose 5*v - 112 = 8. Let j = 44 - v. Let r(n) = -n**3 - 9*n**2 + 8*n. Let o be r(-10). Calculate the highest common divisor of o and j.
20
Let h be 80/(-16) + (0 - -25). Calculate the greatest common divisor of 40 and h.
20
Let t = 21 + -17. What is the greatest common factor of t and 44?
4
Let c(o) = 2*o**2 + 10*o + 9. Let b be c(-1). Let r(i) = -i**3 + 3*i**2 + 5*i - 3. Let d be r(4). What is the highest common factor of b and d?
1
Let u(h) = h**2 - 6*h + 7. Let m be u(5). Suppose 